{"id":56,"date":"2020-03-08T23:23:41","date_gmt":"2020-03-08T22:23:41","guid":{"rendered":"http:\/\/escrimelrsy.fr\/?page_id=56"},"modified":"2021-07-29T01:43:50","modified_gmt":"2021-07-28T23:43:50","slug":"acces","status":"publish","type":"page","link":"https:\/\/escrimelrsy.fr\/index.php\/acces\/","title":{"rendered":"Contact et Acc\u00e8s"},"content":{"rendered":"\n<h4 class=\"has-text-align-center wp-block-heading\"><strong><span class=\"has-inline-color has-vivid-red-color\">Contacts :<\/span><\/strong><\/h4>\n\n\n\n<p class=\"has-text-align-center\">Pour nous contacter, merci d&rsquo;utiliser l&rsquo;adresse mail suivante : <a href=\"mailto:escrime.cey@gmail.com\">escrime.cey@gmail.com<\/a><\/p>\n\n\n\n<p class=\"has-text-align-center\">ou sur notre page Facebook : <a href=\"https:\/\/www.facebook.com\/rochescrime\/\">https:\/\/www.facebook.com\/rochescrime\/<\/a><\/p>\n\n\n\n<h4 class=\"has-text-align-center wp-block-heading\"><strong><span class=\"has-inline-color has-vivid-red-color\">Acc\u00e8s aux salles :<\/span><\/strong><\/h4>\n\n\n\n<p>Les cours d&rsquo;Escrime sportive, d&rsquo;A.M.H.E. et de Sabre Laser enfant sont dispens\u00e9s salle Rivoli de La Roche Sur Yon situ\u00e9e Boulevard Rivoli.<br>La salle d&rsquo;armes se situe \u00e0 l&rsquo;\u00e9tage.<\/p>\n\n\n\n<figure class=\"wp-block-image size-large\"><img fetchpriority=\"high\" decoding=\"async\" width=\"921\" height=\"702\" src=\"http:\/\/escrimelrsy.fr\/wp-content\/uploads\/2020\/09\/image-3.png\" alt=\"\" class=\"wp-image-102\" srcset=\"https:\/\/escrimelrsy.fr\/wp-content\/uploads\/2020\/09\/image-3.png 921w, https:\/\/escrimelrsy.fr\/wp-content\/uploads\/2020\/09\/image-3-300x229.png 300w, https:\/\/escrimelrsy.fr\/wp-content\/uploads\/2020\/09\/image-3-768x585.png 768w, https:\/\/escrimelrsy.fr\/wp-content\/uploads\/2020\/09\/image-3-1x1.png 1w\" sizes=\"(max-width: 921px) 100vw, 921px\" \/><figcaption><span class=\"has-inline-color has-cyan-bluish-gray-color\">Voici un plan vous permettant de vous y rendre, l&rsquo;acc\u00e8s au parking se fait par l&rsquo;impasse Marengo.<\/span><\/figcaption><\/figure>\n\n\n\n<p>Les Cours de Sabre Laser adultes sont dispens\u00e9s, salle Laennec, rue de la Vergne, \u00e0 la Roche sur Yon.<\/p>\n\n\n\n<figure class=\"wp-block-image size-large\"><img decoding=\"async\" width=\"904\" height=\"664\" src=\"http:\/\/escrimelrsy.fr\/wp-content\/uploads\/2020\/09\/image-4.png\" alt=\"\" class=\"wp-image-104\" srcset=\"https:\/\/escrimelrsy.fr\/wp-content\/uploads\/2020\/09\/image-4.png 904w, https:\/\/escrimelrsy.fr\/wp-content\/uploads\/2020\/09\/image-4-300x220.png 300w, https:\/\/escrimelrsy.fr\/wp-content\/uploads\/2020\/09\/image-4-768x564.png 768w, https:\/\/escrimelrsy.fr\/wp-content\/uploads\/2020\/09\/image-4-1x1.png 1w\" sizes=\"(max-width: 904px) 100vw, 904px\" \/><figcaption><span class=\"has-inline-color has-cyan-bluish-gray-color\">Voici un plan vous permettant de vous y rendre. <\/span><\/figcaption><\/figure>\n\n\n\n<p><\/p>\n","protected":false},"excerpt":{"rendered":"<p>Contacts : Pour nous contacter, merci d&rsquo;utiliser l&rsquo;adresse mail suivante : escrime.cey@gmail.com ou sur notre page Facebook : https:\/\/www.facebook.com\/rochescrime\/ Acc\u00e8s aux salles : Les cours d&rsquo;Escrime sportive, d&rsquo;A.M.H.E. et de Sabre Laser enfant sont dispens\u00e9s salle Rivoli de La Roche Sur Yon situ\u00e9e Boulevard Rivoli.La salle d&rsquo;armes se situe \u00e0 l&rsquo;\u00e9tage. Les Cours de Sabre [&hellip;]<\/p>\n","protected":false},"author":3,"featured_media":0,"parent":0,"menu_order":0,"comment_status":"closed","ping_status":"closed","template":"","meta":{"footnotes":""},"class_list":["post-56","page","type-page","status-publish","hentry"],"_links":{"self":[{"href":"https:\/\/escrimelrsy.fr\/index.php\/wp-json\/wp\/v2\/pages\/56"}],"collection":[{"href":"https:\/\/escrimelrsy.fr\/index.php\/wp-json\/wp\/v2\/pages"}],"about":[{"href":"https:\/\/escrimelrsy.fr\/index.php\/wp-json\/wp\/v2\/types\/page"}],"author":[{"embeddable":true,"href":"https:\/\/escrimelrsy.fr\/index.php\/wp-json\/wp\/v2\/users\/3"}],"replies":[{"embeddable":true,"href":"https:\/\/escrimelrsy.fr\/index.php\/wp-json\/wp\/v2\/comments?post=56"}],"version-history":[{"count":7,"href":"https:\/\/escrimelrsy.fr\/index.php\/wp-json\/wp\/v2\/pages\/56\/revisions"}],"predecessor-version":[{"id":424,"href":"https:\/\/escrimelrsy.fr\/index.php\/wp-json\/wp\/v2\/pages\/56\/revisions\/424"}],"wp:attachment":[{"href":"https:\/\/escrimelrsy.fr\/index.php\/wp-json\/wp\/v2\/media?parent=56"}],"curies":[{"name":"wp","href":"https:\/\/api.w.org\/{rel}","templated":true}]}}